ed by r.
2
Let q(m) = m**2 + 22*m - 54. Calculate the remainder when 32 is divided by q(-25).
11
Suppose 0 = -2*p + p + 9*p. Suppose -2*b + b + 59 = p. Calculate the remainder when b is divided by 17.
8
Suppose 0 = -4*f + 3 + 17. Suppose 40 = f*p - p. Calculate the remainder when 28 is divided by p.
8
Let n = 234 - 223. What is the remainder when 22 is divided by n?
0
Let c(v) = -2*v**3 + 19*v**2 - 10*v + 13. Let h be c(9). What is the remainder when 11 is divided by 1*(h - 2)*(-14)/(-4)?
4
Suppose 0*v - 36 = -4*v. Suppose 17 = 8*i - 63. Suppose -i = 11*w - 13*w. Calculate the remainder when v is divided by w.
4
Let v(h) = -h**2 + 1. Let x be v(1). Suppose x*l + 11 = l. Calculate the remainder when l is divided by -4 - (-11 + -4) - 4.
4
Let p be (-6640)/(-95) - (-4)/38. Let h = 85 - p. What is the remainder when 37 is divided by h?
7
Suppose -u + 2*w = 4*w + 309, -1272 = 4*u - w. Let h = -163 - u. Calculate the remainder when h is divided by 26.
24
Let q(r) = -r + 21. Let y(u) = 5*u - 12. Let h be y(4). Calculate the remainder when q(h) is divided by 2 - (-3 - (-1 - 0)).
1
Let i(g) = -g + 367. What is the remainder when i(38) is divided by 83?
80
Suppose -65*t + 64*t = -35. Let a(o) = -o**3 - 5*o**2 + 3*o - 3. Let w be a(-5). Let l = w + t. What is the remainder when 32 is divided by l?
15
Suppose 4*j = -9 + 21. What is the remainder when 25 is divided by (-495)/(-36) - j/4?
12
Let g = -21 - -49. What is the remainder when g is divided by ((-4)/(-3))/((-4205)/(-348) - 12)?
12
Let p = -100 - -107. What is the remainder when 44 is divided by p?
2
Suppose 3*w = 45 + 18. Suppose -d - w = -63. Calculate the remainder when d is divided by 9.
6
Suppose -4*a + 19 = -33. Calculate the remainder when -22*(-7 - (-11 + 5)) is divided by a.
9
Let h(k) = -48*k - 38. Let o(w) = -16*w - 13. Let n(b) = 6*h(b) - 17*o(b). Suppose 111 = 2*l + l. Calculate the remainder when n(-5) is divided by l.
36
Suppose 3*q - 5*s - 261 = 0, -3*s - 91 = 3*q - 4*q. Suppose 2*i = -2, -4*i + q = 5*x - 44. Calculate the remainder when 77 is divided by x.
25
What is the remainder when 56 is divided by -6*(-2)/4*1/1?
2
Let m(k) = -6 - 5*k + 0 - 5. Calculate the remainder when ((-31)/(-4))/(5/20) is divided by m(-4).
4
Suppose -4*c + 2*c + 103 = q, 4*c = q + 209. Let z = 73 - c. Suppose 2*s - w = 3*s - 17, 0 = -4*s + 5*w + 23. Calculate the remainder when z is divided by s.
9
Let t = 24 + 35. Suppose 24 + 24 = 4*d. What is the remainder when t is divided by d?
11
Let c(h) = 2*h**2 - 13*h + 4. What is the remainder when c(-6) is divided by 31?
30
Let u(n) = n**3 - 14*n**2 - 17*n + 53. Calculate the remainder when 34 is divided by u(15).
11
Let z(j) = -17*j**2 + 5*j + 3. Let m be z(-3). What is the remainder when 6/(-15) - (-411)/15 is divided by (-4)/(-16) + m/(-12)?
13
Let s(g) = 4*g**2 + 26*g + 45. What is the remainder when s(-10) is divided by 15?
5
Suppose 0 = -10*m + 69 + 131. Let r be (-4)/((-8)/6) - 1. Suppose -m = x - r*x. Calculate the remainder when 54 is divided by x.
14
Let g(v) = 144*v**2 + 10*v - 11. Calculate the remainder when g(1) is divided by 36.
35
Let c(j) = 7*j**3 + 3*j**2 - 4*j + 7. Calculate the remainder when 1070 is divided by c(2).
65
Suppose -20*m - 48 = -23*m. Suppose -4*l + m = 2*o, -o = -2*l - l - 3. Calculate the remainder when o is divided by -1 - 6/(-2)*1.
0
Let g(l) = -l**3 + 8*l**2 + l + 3. Let o = -85 - -127. What is the remainder when o is divided by g(8)?
9
Let q = -4 + -1. Let r be (-83)/q - (-2)/5. Suppose 19 = 3*k - r. What is the remainder when 22 is divided by k?
10
Suppose 2*a + 74 = 2*j, 0*j - 4*a - 180 = -5*j. Let h = 104 - 93. What is the remainder when j is divided by h?
10
Suppose 2*o - o - 2 = 0. Suppose -5*w + o*r = -3*r - 65, -3*w + 51 = r. Let h = -12 + w. What is the remainder when 11 is divided by h?
3
Let p = -72 + 37. Let d = p + 45. Suppose -4*m = m - 20. What is the remainder when d is divided by m?
2
Suppose 0 = -4*a + 16, -38*u + 33*u + 2694 = a. Calculate the remainder when u is divided by 54.
52
Let j(w) = -w**3 - 12*w**2 - 5*w + 22. Let p be j(-9). Let d = p + 333. Calculate the remainder when d is divided by 40.
37
Suppose 10 = 5*l - 3*l. What is the remainder when 58 is divided by l?
3
Let x = 197 - 36. What is the remainder when x is divided by 51?
8
Suppose -26 = -14*m + 16. Calculate the remainder when 1/4 - 243/(-4) is divided by (3 - 12)*(-7)/m.
19
Suppose 3*k - 4*k + 18 = -z, 3*k + 10 = -z. What is the remainder when (-1884)/z - 2/(-8) is divided by 17?
16
Suppose -431*w = -436*w + 45. What is the remainder when 163 is divided by w?
1
Let b(f) = 14 + 14*f - 2 - 16*f. Let o be b(8). What is the remainder when (-8)/10*190/o is divided by 10?
8
Let r = -15 - -7. Let s = 1 - r. What is the remainder when 27 is divided by s/(81/30)*3?
7
Let s(p) = 4*p**2 - 48*p + 238. What is the remainder when 371 is divided by s(6)?
89
Let b = 49 - 38. Let a = 7 + -4. Suppose -m = -5*q - 28, -3*q + 3 = a*m + 9. What is the remainder when b is divided by m?
2
Suppose -f - f = -676. Suppose -f - 26 = -2*d. Suppose 4*i - d - 118 = -4*o, o + 363 = 5*i. What is the remainder when i is divided by 25?
23
Let i(n) = -n**3 - 15*n**2 - 40*n - 38. Calculate the remainder when 15 is divided by i(-12).
5
What is the remainder when 25 is divided by ((-2)/6)/(14/(-588)) - -1?
10
Suppose -554*z - 1944 = -572*z. Calculate the remainder when 968 is divided by z.
104
Let l(o) = 4*o - 18. What is the remainder when l(20) is divided by 6/10 - (1248/(-30))/4?
7
Let y(s) = s**3 - 16*s**2 - 18*s + 23. Let m be y(17). Suppose 0 = -m*p + 18 + 6. Calculate the remainder when 5 is divided by p.
1
What is the remainder when ((-4680)/(-84))/((-177)/(-84) - 2) is divided by 18?
16
Suppose -4*l + 3*w = -735, -4*w + 334 - 1254 = -5*l. Let z = -10 - -23. Calculate the remainder when z is divided by l/27 + 2/6.
6
Let s(h) = h**2 + 3*h - 2. Suppose -8*d - 2 = -9*d. Suppose -9 + 114 = 5*c. What is the remainder when c is divided by s(d)?
5
Suppose -58*l + 95 = -57*l. What is the remainder when l is divided by 8?
7
Let v(t) = -44*t - 26. What is the remainder when v(-4) is divided by 48?
6
Let o(b) = b**3 + 44*b**2 - 52*b - 76. Calculate the remainder when o(-45) is divided by 30.
29
Suppose 3*h + u = 940, 81*h + 4*u = 78*h + 925. What is the remainder when h is divided by 12?
3
Suppose 5*p = -4*l + 4, 29*l = 31*l + 3*p. What is the remainder when 95 is divided by l?
5
Let d = -76 - -116. Suppose 5*h - 4*h + 2*u - d = 0, -4*h = 5*u - 148. Calculate the remainder when 126 is divided by h.
30
Suppose 0*q = -2*q - 4. What is the remainder when 66 is divided by 3/(3 + 33/(-42) + q)?
10
Let a(y) = 2*y**3 - 8*y**2 - 10*y + 80. Calculate the remainder when a(8) is divided by 18.
8
Suppose -200*w + 194*w = -216. What is the remainder when 466 is divided by w?
34
Let w(r) = -r**2 - 13*r - 20. Suppose 0*d + 55 = -5*d. What is the remainder when 3 is divided by w(d)?
1
Suppose -28*h - 7*h = -6090. Calculate the remainder when h is divided by 20.
14
Let t = 146 + -318. Let w be t/16*2*-2. Let b = w + -29. Calculate the remainder when b is divided by 4.
2
Suppose -p + v = -v + 18, 3*p = -4*v - 14. Let f be (-104)/20 + (-2)/p. Let d = 1 - f. Calculate the remainder when 22 is divided by d.
4
Suppose 0 = -3*k - 5*v + 157, 39 = k - 4*v + 3*v. What is the remainder when 217 is divided by k?
41
Suppose -48 = 5*o - o. Calculate the remainder when 145 is divided by 2 - 1 - (o + -24).
34
Let i(j) be the first derivative of j**4/4 + 3*j**3 - 5*j**2/2 + 12*j - 44. What is the remainder when i(-7) is divided by 21?
19
Let r = -270 - -289. What is the remainder when 204 is divided by r?
14
Suppose -22*u + 6*u = -880. What is the remainder when 217 is divided by u?
52
Suppose 5*b - 26 = 9. Let n(o) = -o**3 + 20*o**2 - 11*o - 15. Let c be n(20). Let h = c - -245. Calculate the remainder when h is divided by b.
3
Suppose 4*i + 4*p - 64 = 0, -41 = -i + 6*p - 2*p. Calculate the remainder when 335 is divided by i.
20
Let i(q) be the first derivative of q**3/3 - 3*q**2/2 + 5*q + 3. Let z be (-4)/(-6) + 10/3 + 1. What is the remainder when i(z) is divided by 9?
6
Let g be -2 + 2/(10/(-5)). What is the remainder when 24 is divided by 15 + -1*(g + 5)?
11
Calculate the remainder when 292 is divided 